 thousands digit of 59007?
5
What is the hundreds digit of 1888?
8
What is the thousands digit of 16059?
6
What is the tens digit of 1961?
6
What is the hundreds digit of 90043?
0
What is the units digit of 4571?
1
What is the units digit of 64284?
4
What is the hundreds digit of 64898?
8
What is the units digit of 2941?
1
What is the units digit of 53928?
8
What is the hundreds digit of 29531?
5
What is the ten thousands digit of 90921?
9
What is the hundreds digit of 2544?
5
What is the tens digit of 1733?
3
What is the thousands digit of 170319?
0
What is the tens digit of 2029?
2
What is the units digit of 6220?
0
What is the tens digit of 1929?
2
What is the hundreds digit of 16899?
8
What is the units digit of 1875?
5
What is the hundreds digit of 87626?
6
What is the units digit of 51621?
1
What is the thousands digit of 9806?
9
What is the tens digit of 11902?
0
What is the thousands digit of 4008?
4
What is the hundred thousands digit of 148094?
1
What is the hundreds digit of 1799?
7
What is the tens digit of 13796?
9
What is the thousands digit of 1251?
1
What is the ten thousands digit of 47434?
4
What is the hundreds digit of 618?
6
What is the hundreds digit of 7921?
9
What is the thousands digit of 27193?
7
What is the tens digit of 15453?
5
What is the thousands digit of 55969?
5
What is the units digit of 1016?
6
What is the tens digit of 18512?
1
What is the thousands digit of 31772?
1
What is the tens digit of 20818?
1
What is the tens digit of 113140?
4
What is the tens digit of 345?
4
What is the hundreds digit of 996?
9
What is the thousands digit of 92168?
2
What is the thousands digit of 8504?
8
What is the tens digit of 16534?
3
What is the thousands digit of 8069?
8
What is the units digit of 7091?
1
What is the tens digit of 6961?
6
What is the thousands digit of 4425?
4
What is the tens digit of 3426?
2
What is the thousands digit of 7910?
7
What is the units digit of 45678?
8
What is the tens digit of 8297?
9
What is the hundreds digit of 32137?
1
What is the hundreds digit of 1708?
7
What is the units digit of 1217?
7
What is the hundreds digit of 10211?
2
What is the tens digit of 24712?
1
What is the tens digit of 3002?
0
What is the ten thousands digit of 70406?
7
What is the units digit of 961?
1
What is the hundreds digit of 638?
6
What is the hundreds digit of 154920?
9
What is the units digit of 37302?
2
What is the thousands digit of 1025?
1
What is the hundreds digit of 7043?
0
What is the tens digit of 1235?
3
What is the thousands digit of 2161?
2
What is the hundreds digit of 2510?
5
What is the hundreds digit of 137146?
1
What is the units digit of 6667?
7
What is the thousands digit of 5260?
5
What is the thousands digit of 9811?
9
What is the units digit of 980?
0
What is the thousands digit of 12040?
2
What is the tens digit of 3821?
2
What is the hundred thousands digit of 142532?
1
What is the ten thousands digit of 57912?
5
What is the tens digit of 911?
1
What is the units digit of 1020?
0
What is the tens digit of 1107?
0
What is the tens digit of 22768?
6
What is the thousands digit of 21806?
1
What is the units digit of 562?
2
What is the hundreds digit of 934?
9
What is the units digit of 122467?
7
What is the units digit of 8808?
8
What is the units digit of 1832?
2
What is the units digit of 1628?
8
What is the ten thousands digit of 58476?
5
What is the tens digit of 70953?
5
What is the units digit of 136161?
1
What is the hundreds digit of 1556?
5
What is the units digit of 2457?
7
What is the units digit of 450?
0
What is the units digit of 61830?
0
What is the hundreds digit of 1453?
4
What is the ten thousands digit of 92519?
9
What is the tens digit of 1248?
4
What is the units digit of 906?
6
What is the thousands digit of 5572?
5
What is the thousands digit of 1166?
1
What is the tens digit of 1389?
8
What is the hundreds digit of 122?
1
What is the tens digit of 5646?
4
What is the tens digit of 1121?
2
What is the tens digit of 2145?
4
What is the tens digit of 3177?
7
What is the hundreds digit of 2599?
5
What is the units digit of 7640?
0
What is the thousands digit of 25095?
5
What is the units digit of 3372?
2
What is the hundreds digit of 1869?
8
What is the units digit of 11693?
3
What is the tens digit of 11819?
1
What is the tens digit of 14?
1
What is the hundreds digit of 1043?
0
What is the ten thousands digit of 79599?
7
What is the units digit of 530?
0
What is the thousands digit of 10391?
0
What is the ten thousands digit of 26274?
2
What is the hundreds digit of 80403?
4
What is the hundreds digit of 238?
2
What is the thousands digit of 8797?
8
What is the thousands digit of 12943?
2
What is the thousands digit of 18228?
8
What is the ten thousands digit of 20966?
2
What is the thousands digit of 2007?
2
What is the tens digit of 1605?
0
What is the units digit of 487?
7
What is the tens digit of 3181?
8
What is the hundreds digit of 1758?
7
What is the units digit of 2459?
9
What is the thousands digit of 16242?
6
What is the units digit of 760?
0
What is the hundreds digit of 414?
4
What is the tens digit of 58204?
0
What is the units digit of 25?
5
What is the units digit of 9697?
7
What is the tens digit of 1050?
5
What is the hundreds digit of 74083?
0
What is the thousands digit of 1693?
1
What is the tens digit of 65157?
5
What is the units digit of 415?
5
What is the tens digit of 799?
9
What is the hundreds digit of 730?
7
What is the ten thousands digit of 16335?
1
What is the thousands digit of 52063?
2
What is the hundreds digit of 3439?
4
What is the tens digit of 590?
9
What is the tens digit of 103?
0
What is the hundreds digit of 9884?
8
What is the units digit of 808?
8
What is the hundreds digit of 10268?
2
What is the hundreds digit of 199?
1
What is the units digit of 6785?
5
What is the tens digit of 75081?
8
What is the units digit of 373?
3
What is the units digit of 38733?
3
What is the hundreds digit of 1220?
2
What is the hundreds digit of 100116?
1
What is the hundreds digit of 2821?
8
What is the thousands digit of 6644?
6
What is the tens digit of 505?
0
What is the units digit of 317?
7
What is the thousands digit of 137844?
7
What is the units digit of 535?
5
What is the units digit of 5755?
5
What is the units digit of 3058?
8
What is the ten thousands digit of 31485?
3
What is the hundreds digit of 433?
4
What is the units digit of 1438?
8
What is the ten thousands digit of 16433?
1
What is the thousands digit of 31976?
1
What is the thousands digit of 48987?
8
What is the thousands digit of 9786?
9
What is the units digit of 7133?
3
What is the ten thousands digit of 18163?
1
What is the hundreds digit of 3247?
2
What is the hundreds digit of 2037?
0
What is the tens digit of 3619?
1
What is the hundreds digit of 946?
9
What is the tens digit of 341?
4
What is the tens digit of 3829?
2
What is the ten thousands digit of 47869?
4
What is the ten thousands digit of 39506?
3
What is the units digit of 74980?
0
What is the tens digit of 725?
2
What is the tens digit of 75069?
6
What is the ten thousands digit of 10881?
1
What is the tens digit of 3593?
9
What is the units digit of 5206?
6
What is the units digit of 3309?
9
What is the units digit of 298?
8
What is the tens digit of 50370?
7
What is the tens digit of 52612?
1
What is the hundreds digit of 3641?
6
What is the tens digit of 2700?
0
What is the units digit of 6477?
7
What is the units digit of 1284?
4
What is the units digit of 299?
9
What is the units digit of 488?
8
What is the hundreds digit of 26549?
5
What is the tens digit of 1787?
8
What is the tens digit of 5575?
7
What is the units digit of 2110?
0
What is the thousands digit of 35438?
5
What is the tens digit of 5524?
2
What is the units digit of 46848?
8
What is the thousands digit of 19356?
9
What is the hundreds digit of 151277?
2
What is the thousands digit of 2056?
2
What is the hundreds digit of 26243?
2
What is the thousands digit of 5480?
5
What is the ten thousands digit of 20473?
2
What is the thousands digit of 53529?
3
What is the thousands digit of 36052?
6
What is the tens digit of 710?
1
What is the tens digit of 2386?
8
What is the ten thousands digit of 75358?
7
What is the hundreds digi